{"id":3706,"date":"2023-12-30T00:44:38","date_gmt":"2023-12-30T00:44:38","guid":{"rendered":"https:\/\/lisaphotography.fr\/blog-photographie\/"},"modified":"2025-03-10T20:47:16","modified_gmt":"2025-03-10T20:47:16","slug":"photography-blog","status":"publish","type":"page","link":"https:\/\/elisadesignphotography.co.uk\/en\/photography-blog\/","title":{"rendered":"photography blog"},"content":{"rendered":"<p>[et_pb_section fb_built=&#8221;1&#8243; _builder_version=&#8221;4.23&#8243; _module_preset=&#8221;default&#8221; background_color=&#8221;#F7F7F7&#8243; custom_padding=&#8221;43px||62px|||&#8221; animation_style=&#8221;fade&#8221; global_colors_info=&#8221;{}&#8221;][et_pb_row _builder_version=&#8221;4.23&#8243; _module_preset=&#8221;default&#8221; custom_padding=&#8221;||50px|||&#8221; global_colors_info=&#8221;{}&#8221;][et_pb_column type=&#8221;4_4&#8243; _builder_version=&#8221;4.23&#8243; _module_preset=&#8221;default&#8221; global_colors_info=&#8221;{}&#8221;][et_pb_text _builder_version=&#8221;4.27.4&#8243; _module_preset=&#8221;default&#8221; text_font=&#8221;Parisienne|300|||||||&#8221; text_text_color=&#8221;#EACFCA&#8221; text_font_size=&#8221;32px&#8221; header_text_align=&#8221;center&#8221; header_font_size=&#8221;5vh&#8221; header_line_height=&#8221;1.4em&#8221; text_orientation=&#8221;center&#8221; custom_margin=&#8221;||9px||false|false&#8221; text_line_height_tablet=&#8221;&#8221; text_line_height_phone=&#8221;0.8em&#8221; text_line_height_last_edited=&#8221;on|phone&#8221; global_colors_info=&#8221;{}&#8221;]<\/p>\n<p>Elisa Design Photography<\/p>\n<p>[\/et_pb_text][et_pb_text _builder_version=&#8221;4.27.4&#8243; _module_preset=&#8221;default&#8221; text_font=&#8221;|300|||||||&#8221; text_text_color=&#8221;#D6B765&#8243; text_font_size=&#8221;30px&#8221; header_text_align=&#8221;center&#8221; header_font_size=&#8221;35px&#8221; header_line_height=&#8221;1.4em&#8221; text_orientation=&#8221;center&#8221; custom_margin=&#8221;||22px|||&#8221; hover_enabled=&#8221;0&#8243; header_font_size_tablet=&#8221;35px&#8221; header_font_size_phone=&#8221;26px&#8221; header_font_size_last_edited=&#8221;on|phone&#8221; global_colors_info=&#8221;{}&#8221; sticky_enabled=&#8221;0&#8243;]<\/p>\n<h1>Photography blog<\/h1>\n<p>[\/et_pb_text][et_pb_text _builder_version=&#8221;4.23.4&#8243; _module_preset=&#8221;default&#8221; text_line_height=&#8221;1.5em&#8221; text_orientation=&#8221;center&#8221; global_colors_info=&#8221;{}&#8221;]Welcome to my dedicated photography page, a realm where images tell stories and capture the very essence of fleeting moments.<br \/>\nThrough my lens, I share visual snapshots that evoke emotion, beauty, and the uniqueness of each subject. Thank you for joining me on this photographic journey.[\/et_pb_text][\/et_pb_column][\/et_pb_row][et_pb_row _builder_version=&#8221;4.23&#8243; _module_preset=&#8221;default&#8221; max_width=&#8221;1200px&#8221; custom_padding=&#8221;0px||0px|||&#8221; global_colors_info=&#8221;{}&#8221;][et_pb_column type=&#8221;4_4&#8243; _builder_version=&#8221;4.23&#8243; _module_preset=&#8221;default&#8221; global_colors_info=&#8221;{}&#8221;][et_pb_blog_extras posts_number=&#8221;20&#8243; blog_layout=&#8221;masonry&#8221; masonry_layout=&#8221;grid_extended&#8221; masonry_columns=&#8221;2&#8243; meta_date=&#8221;j M Y&#8221; featured_image_size=&#8221;full&#8221; show_more=&#8221;off&#8221; show_author=&#8221;off&#8221; category_color=&#8221;#FFFFFF&#8221; category_background_color=&#8221;#EACFCA&#8221; show_comments=&#8221;off&#8221; show_load_more=&#8221;on&#8221; load_more_text=&#8221;Voir plus&#8221; show_less_text=&#8221;Voir moins&#8221; loader_color=&#8221;#232323&#8243; masonry_columns_tablet=&#8221;1&#8243; masonry_columns_phone=&#8221;1&#8243; masonry_columns_last_edited=&#8221;on|phone&#8221; _builder_version=&#8221;4.23.4&#8243; _module_preset=&#8221;default&#8221; header_font_size=&#8221;19px&#8221; header_line_height=&#8221;1.3em&#8221; body_font_size=&#8221;17px&#8221; meta_font=&#8221;||||||||&#8221; meta_text_color=&#8221;#EACFCA&#8221; meta_font_size=&#8221;19px&#8221; meta_line_height=&#8221;1.5em&#8221; header_text_align_tablet=&#8221;&#8221; header_text_align_phone=&#8221;left&#8221; header_text_align_last_edited=&#8221;on|phone&#8221; body_text_align_tablet=&#8221;&#8221; body_text_align_phone=&#8221;left&#8221; body_text_align_last_edited=&#8221;on|phone&#8221; meta_text_align_tablet=&#8221;&#8221; meta_text_align_phone=&#8221;left&#8221; meta_text_align_last_edited=&#8221;on|phone&#8221; global_colors_info=&#8221;{}&#8221; header_text_color__hover_enabled=&#8221;on|hover&#8221; header_text_color__hover=&#8221;#EACFCA&#8221;][\/et_pb_blog_extras][\/et_pb_column][\/et_pb_row][\/et_pb_section]<\/p>\n","protected":false},"excerpt":{"rendered":"<p>Elisa Design PhotographyPhotography blogWelcome to my dedicated photography page, a realm where images tell stories and capture the very essence of fleeting moments. Through my lens, I share visual snapshots that evoke emotion, beauty, and the uniqueness of each subject. Thank you for joining me on this photographic journey.<\/p>\n","protected":false},"author":3,"featured_media":0,"parent":0,"menu_order":0,"comment_status":"closed","ping_status":"closed","template":"","meta":{"_et_pb_use_builder":"on","_et_pb_old_content":"[et_pb_section fb_built=\"1\" _builder_version=\"4.23\" _module_preset=\"default\" background_color=\"#F7F7F7\" custom_padding=\"43px||62px|||\" animation_style=\"fade\" global_colors_info=\"{}\"][et_pb_row _builder_version=\"4.23\" _module_preset=\"default\" custom_padding=\"||50px|||\" global_colors_info=\"{}\"][et_pb_column type=\"4_4\" _builder_version=\"4.23\" _module_preset=\"default\" global_colors_info=\"{}\"][et_pb_text _builder_version=\"4.23\" _module_preset=\"default\" text_font=\"Parisienne|300|||||||\" text_text_color=\"#EACFCA\" text_font_size=\"32px\" header_text_align=\"center\" header_font_size=\"5vh\" header_line_height=\"1.4em\" text_orientation=\"center\" custom_margin=\"||9px||false|false\" text_line_height_tablet=\"\" text_line_height_phone=\"0.8em\" text_line_height_last_edited=\"on|phone\" global_colors_info=\"{}\"]<p>LisaP Photographe<\/p>[\/et_pb_text][et_pb_text _builder_version=\"4.23\" _module_preset=\"default\" text_font=\"|300|||||||\" text_text_color=\"#D6B765\" text_font_size=\"30px\" header_text_align=\"center\" header_font_size=\"35px\" header_line_height=\"1.4em\" text_orientation=\"center\" custom_margin=\"||22px|||\" header_font_size_tablet=\"35px\" header_font_size_phone=\"26px\" header_font_size_last_edited=\"on|phone\" global_colors_info=\"{}\"]<h1>Blog Photographie<\/h1>[\/et_pb_text][et_pb_text _builder_version=\"4.23\" _module_preset=\"default\" text_line_height=\"1.5em\" text_orientation=\"center\" global_colors_info=\"{}\"]Bienvenue sur ma page d\u00e9di\u00e9e \u00e0 la photographie, un monde o\u00f9 les images racontent des histoires et capturent l'essence m\u00eame de moments \u00e9ph\u00e9m\u00e8res.\n\u00c0 travers mon objectif, je partage avec vous des instantan\u00e9s visuels qui \u00e9voquent l'\u00e9motion, la beaut\u00e9 et la singularit\u00e9 de chaque sujet.[\/et_pb_text][\/et_pb_column][\/et_pb_row][et_pb_row _builder_version=\"4.23\" _module_preset=\"default\" max_width=\"1200px\" custom_padding=\"0px||0px|||\" global_colors_info=\"{}\"][et_pb_column type=\"4_4\" _builder_version=\"4.23\" _module_preset=\"default\" global_colors_info=\"{}\"][et_pb_blog_extras posts_number=\"20\" blog_layout=\"masonry\" masonry_layout=\"grid_extended\" masonry_columns=\"2\" meta_date=\"j M Y\" featured_image_size=\"full\" show_more=\"off\" show_author=\"off\" category_color=\"#FFFFFF\" category_background_color=\"#EACFCA\" show_comments=\"off\" show_load_more=\"on\" load_more_text=\"Voir plus\" show_less_text=\"Voir moins\" loader_color=\"#232323\" _builder_version=\"4.23\" _module_preset=\"default\" header_font_size=\"19px\" header_line_height=\"1.3em\" body_font_size=\"17px\" meta_font=\"||||||||\" meta_text_color=\"#EACFCA\" meta_font_size=\"19px\" meta_line_height=\"1.5em\" header_text_align_tablet=\"\" header_text_align_phone=\"left\" header_text_align_last_edited=\"on|phone\" body_text_align_tablet=\"\" body_text_align_phone=\"left\" body_text_align_last_edited=\"on|phone\" meta_text_align_tablet=\"\" meta_text_align_phone=\"left\" meta_text_align_last_edited=\"on|phone\" global_colors_info=\"{}\" header_text_color__hover_enabled=\"on|hover\" header_text_color__hover=\"#EACFCA\"][\/et_pb_blog_extras][\/et_pb_column][\/et_pb_row][\/et_pb_section]","_et_gb_content_width":"","footnotes":""},"class_list":["post-3706","page","type-page","status-publish","hentry"],"_links":{"self":[{"href":"https:\/\/elisadesignphotography.co.uk\/en\/wp-json\/wp\/v2\/pages\/3706","targetHints":{"allow":["GET"]}}],"collection":[{"href":"https:\/\/elisadesignphotography.co.uk\/en\/wp-json\/wp\/v2\/pages"}],"about":[{"href":"https:\/\/elisadesignphotography.co.uk\/en\/wp-json\/wp\/v2\/types\/page"}],"author":[{"embeddable":true,"href":"https:\/\/elisadesignphotography.co.uk\/en\/wp-json\/wp\/v2\/users\/3"}],"replies":[{"embeddable":true,"href":"https:\/\/elisadesignphotography.co.uk\/en\/wp-json\/wp\/v2\/comments?post=3706"}],"version-history":[{"count":14,"href":"https:\/\/elisadesignphotography.co.uk\/en\/wp-json\/wp\/v2\/pages\/3706\/revisions"}],"predecessor-version":[{"id":7041,"href":"https:\/\/elisadesignphotography.co.uk\/en\/wp-json\/wp\/v2\/pages\/3706\/revisions\/7041"}],"wp:attachment":[{"href":"https:\/\/elisadesignphotography.co.uk\/en\/wp-json\/wp\/v2\/media?parent=3706"}],"curies":[{"name":"wp","href":"https:\/\/api.w.org\/{rel}","templated":true}]}}

[et_pb_section fb_built="1" _builder_version="4.23" _module_preset="default" background_color="#F7F7F7" custom_padding="43px||62px|||" animation_style="fade" global_colors_info="{}"][et_pb_row _builder_version="4.23" _module_preset="default" custom_padding="||50px|||" global_colors_info="{}"][et_pb_column type="4_4" _builder_version="4.23" _module_preset="default" global_colors_info="{}"][et_pb_text _builder_version="4.23" _module_preset="default" text_font="Parisienne|300|||||||" text_text_color="#EACFCA" text_font_size="32px" header_text_align="center" header_font_size="5vh" header_line_height="1.4em" text_orientation="center" custom_margin="||9px||false|false" text_line_height_tablet="" text_line_height_phone="0.8em" text_line_height_last_edited="on|phone" global_colors_info="{}"]<p>LisaP Photographe</p>[/et_pb_text][et_pb_text _builder_version="4.23" _module_preset="default" text_font="|300|||||||" text_text_color="#D6B765" text_font_size="30px" header_text_align="center" header_font_size="35px" header_line_height="1.4em" text_orientation="center" custom_margin="||22px|||" header_font_size_tablet="35px" header_font_size_phone="26px" header_font_size_last_edited="on|phone" global_colors_info="{}"]<h1>Blog Photographie</h1>[/et_pb_text][et_pb_text _builder_version="4.23" _module_preset="default" text_line_height="1.5em" text_orientation="center" global_colors_info="{}"]Bienvenue sur ma page dédiée à la photographie, un monde où les images racontent des histoires et capturent l'essence même de moments éphémères.
À travers mon objectif, je partage avec vous des instantanés visuels qui évoquent l'émotion, la beauté et la singularité de chaque sujet.[/et_pb_text][/et_pb_column][/et_pb_row][et_pb_row _builder_version="4.23" _module_preset="default" max_width="1200px" custom_padding="0px||0px|||" global_colors_info="{}"][et_pb_column type="4_4" _builder_version="4.23" _module_preset="default" global_colors_info="{}"][et_pb_blog_extras posts_number="20" blog_layout="masonry" masonry_layout="grid_extended" masonry_columns="2" meta_date="j M Y" featured_image_size="full" show_more="off" show_author="off" category_color="#FFFFFF" category_background_color="#EACFCA" show_comments="off" show_load_more="on" load_more_text="Voir plus" show_less_text="Voir moins" loader_color="#232323" _builder_version="4.23" _module_preset="default" header_font_size="19px" header_line_height="1.3em" body_font_size="17px" meta_font="||||||||" meta_text_color="#EACFCA" meta_font_size="19px" meta_line_height="1.5em" header_text_align_tablet="" header_text_align_phone="left" header_text_align_last_edited="on|phone" body_text_align_tablet="" body_text_align_phone="left" body_text_align_last_edited="on|phone" meta_text_align_tablet="" meta_text_align_phone="left" meta_text_align_last_edited="on|phone" global_colors_info="{}" header_text_color__hover_enabled="on|hover" header_text_color__hover="#EACFCA"][/et_pb_blog_extras][/et_pb_column][/et_pb_row][/et_pb_section]
